{"id":50,"date":"2017-01-06T16:07:23","date_gmt":"2017-01-06T16:07:23","guid":{"rendered":"https:\/\/dressbydre.com.br\/loja\/?post_type=product&#038;p=50"},"modified":"2018-02-01T12:39:52","modified_gmt":"2018-02-01T12:39:52","slug":"jaleco-feminino-paris","status":"publish","type":"product","link":"https:\/\/dressbydre.com.br\/loja\/produto\/jaleco-feminino-paris\/","title":{"rendered":"Jaleco Feminino Paris"},"content":{"rendered":"<p>O Jaleco Feminino Paris \u00e9 uma pe\u00e7a elegante, confeccionado em gabardine importado, o destaque vai para a gola que d\u00e1 o tom de sofistica\u00e7\u00e3o. Com \u00a0modelagem \u00a0bem \u00a0feminina, \u00a0mangas com \u00a0recorte de \u00a0falso punho \u00a0garantindo \u00a0estar sempre \u00a0impec\u00e1vel, acompanha ainda um cinto liso confeccionado tamb\u00e9m em gabardine, de uso opcional, para demarcar ainda mais a \u00a0silhueta. Ideal para profissionais da sa\u00fade em geral.<\/p>\n<p>Op\u00e7\u00f5es de cor: branca<\/p>\n<p>Aplica\u00e7\u00e3o de bot\u00f5es personalizados Dress by Dre<\/p>\n<p>Aplica\u00e7\u00e3o de etiqueta met\u00e1lica lav\u00e1vel<\/p>\n<p>Prazo de entrega: 10 dias \u00fateis<\/p>\n<p><a href=\"https:\/\/dressbydre.com.br\/loja\/wp-content\/uploads\/2017\/02\/medidas_jalecos.png\"><img loading=\"lazy\" decoding=\"async\" class=\"alignleft wp-image-199 size-full\" src=\"https:\/\/dressbydre.com.br\/loja\/wp-content\/uploads\/2017\/02\/medidas_jalecos.png\" width=\"489\" height=\"257\" srcset=\"https:\/\/dressbydre.com.br\/loja\/wp-content\/uploads\/2017\/02\/medidas_jalecos.png 489w, https:\/\/dressbydre.com.br\/loja\/wp-content\/uploads\/2017\/02\/medidas_jalecos-300x158.png 300w\" sizes=\"(max-width: 489px) 100vw, 489px\" \/><\/a><\/p>\n","protected":false},"excerpt":{"rendered":"<p>Confeccionado em gabardine importado, o destaque vai para a gola que d\u00e1 o tom de sofistica\u00e7\u00e3o. Com modelagem bem feminina, mangas com recorte de falso punho garantindo estar sempre impec\u00e1vel.<\/p>\n","protected":false},"featured_media":133,"comment_status":"open","ping_status":"closed","template":"","meta":{"_monsterinsights_skip_tracking":false,"_monsterinsights_sitenote_active":false,"_monsterinsights_sitenote_note":"","_monsterinsights_sitenote_category":0},"product_cat":[11],"product_tag":[],"_links":{"self":[{"href":"https:\/\/dressbydre.com.br\/loja\/wp-json\/wp\/v2\/product\/50"}],"collection":[{"href":"https:\/\/dressbydre.com.br\/loja\/wp-json\/wp\/v2\/product"}],"about":[{"href":"https:\/\/dressbydre.com.br\/loja\/wp-json\/wp\/v2\/types\/product"}],"replies":[{"embeddable":true,"href":"https:\/\/dressbydre.com.br\/loja\/wp-json\/wp\/v2\/comments?post=50"}],"wp:featuredmedia":[{"embeddable":true,"href":"https:\/\/dressbydre.com.br\/loja\/wp-json\/wp\/v2\/media\/133"}],"wp:attachment":[{"href":"https:\/\/dressbydre.com.br\/loja\/wp-json\/wp\/v2\/media?parent=50"}],"wp:term":[{"taxonomy":"product_cat","embeddable":true,"href":"https:\/\/dressbydre.com.br\/loja\/wp-json\/wp\/v2\/product_cat?post=50"},{"taxonomy":"product_tag","embeddable":true,"href":"https:\/\/dressbydre.com.br\/loja\/wp-json\/wp\/v2\/product_tag?post=50"}],"curies":[{"name":"wp","href":"https:\/\/api.w.org\/{rel}","templated":true}]}}